0 = -r. What are the prime factors of f?
2, 3
Suppose 23240 = -3*z + 38*z. What are the prime factors of z?
2, 83
Let r(k) = -3*k + 12. Let c be r(3). Let d(q) = 24*q**2 - 9*q - 7. What are the prime factors of d(c)?
2, 7, 13
Let l be -12*(-4)/8*79. Suppose 43*a - 49*a = -l. What are the prime factors of a?
79
Let t(f) = f + 11. Let y be t(-6). Suppose -576 = -y*s - 156. List the prime factors of s.
2, 3, 7
Let d(b) = -3*b**3 - 5*b**2 - 4*b - 4. Let u be -1 + 0 + 1 + -4. Let h be d(u). Suppose -3*m + 60 = o, 5*m = 2*o + 7*m - h. List the prime factors of o.
3, 7
Let x(f) = -f**3 + 3*f**2 + 11*f. Let s be x(5). Suppose 4*z = -s*v + 60, 5*v - z - 60 = -0*z. List the prime factors of v.
2, 3
Suppose 133 = 3*t + 31. Let d be 3/(10 + 1518/(-150)). Let j = t + d. What are the prime factors of j?
3
Let j(u) = -302*u**3 - 2*u**2 - 2*u + 1. List the prime factors of j(-1).
3, 101
Let i(m) = 28*m**2 + 37*m - 77. List the prime factors of i(-14).
3, 7, 233
Suppose -6178 - 5276 = -6*k. List the prime factors of k.
23, 83
Let v be 6 - -1 - 0/7. Suppose -2*d + 4*o = -3*d + 29, -2*d - 5*o = -49. Let h = d - v. List the prime factors of h.
2, 5
Let n = -206 - -364. Suppose 0 = -0*x + 2*x + 2, n = c + x. List the prime factors of c.
3, 53
Let q(a) = 22*a**2 - 17*a - 29. List the prime factors of q(-14).
3, 11, 137
Let q(c) = 14*c - 15. Let m be q(-4). Let w = 151 + m. List the prime factors of w.
2, 5
Suppose -39*g = -23*g - 26480. What are the prime factors of g?
5, 331
Let b(i) be the third derivative of 7*i**4/12 + 11*i**2. List the prime factors of b(4).
2, 7
Let j = 77 - 65. Suppose -1270 = 2*f - j*f. List the prime factors of f.
127
Suppose l = 3*l - 4. Let d(v) = -v**2 + 5*v + 1. Let h be d(4). Suppose 5*b - 40 = -3*t, h*b - t - 10 = l*t. What are the prime factors of b?
5
Let a(c) = 33*c - 2. Let d be a(6). Suppose 6*f - 2 - d = 0. Suppose 3*g - f = i + 2*i, 19 = g - 3*i. What are the prime factors of g?
7
Suppose 2*h + 57 = 9. What are the prime factors of (-1040)/h - 12/9?
2, 3, 7
Let w = 97 + -65. Suppose -2*o = -6 - 26. Let x = w - o. What are the prime factors of x?
2
Suppose 0 = -62*v + 36*v + 48724. What are the prime factors of v?
2, 937
Let j = 1767 - 864. What are the prime factors of j?
3, 7, 43
Let c be (8/1)/(1 + -2). Let h = c - -10. Suppose -h*n - 28 + 106 = 0. What are the prime factors of n?
3, 13
Suppose 2*d + 16 + 8 = 0. What are the prime factors of (-8)/d - (-139)/3?
47
Let y = 4249 + -1935. List the prime factors of y.
2, 13, 89
Let v be (0 - 0) + (-240)/(-8). Let k = 43 - v. List the prime factors of k.
13
Let r(a) = -259*a + 46. What are the prime factors of r(-6)?
2, 5
Let h = 13 + -3. Suppose -h + 1 = -3*o. Suppose o*q = -3, 3*q + 18 = -3*l + 66. List the prime factors of l.
17
Suppose -2*p - z = -6*z - 16, 4*p + 5*z - 2 = 0. Suppose -p*k + 0*k = 0. Suppose -3*t - 4*h = t - 104, -2*h + 4 = k. List the prime factors of t.
2, 3
Suppose 4*r + 4*u = 5476, -2750 = -2*r + 25*u - 23*u. What are the prime factors of r?
2, 7
Suppose 8*g = 3*g + 20. Suppose -3*j - 11 - 3 = -g*t, 0 = -2*j + 4*t - 16. Suppose 76 = 3*u - j. List the prime factors of u.
2, 13
Let u(t) = -158*t + 183. List the prime factors of u(-24).
3, 5, 53
Suppose 723 = 2*v - 4*a - 1139, 0 = 4*v + a - 3760. List the prime factors of v.
3, 313
Let j = 11 - 9. Suppose -j*v + 3*l - 1 = -3, l + 18 = 5*v. Suppose -t = -5*t + u + 57, 51 = v*t + 5*u. What are the prime factors of t?
2, 7
Suppose -165858 = -12*s - 54*s. What are the prime factors of s?
7, 359
Let k = 6778 - 1023. List the prime factors of k.
5, 1151
Let f(s) = 15*s + 6. Let q be f(3). Suppose 11*n = 14*n - q. List the prime factors of n.
17
Let z = -28 - -31. Suppose 13 = z*d - 8. What are the prime factors of d?
7
Suppose 15 = -2*z - 7. Let b be (5 + z)*(-2)/3. List the prime factors of -2*(-3 + (-38)/b).
5
Let l = 311 - 299. What are the prime factors of l?
2, 3
Let y(t) = t**2 - 8*t - 30. Let h be y(11). Suppose -h*q - 1134 = -10*q. What are the prime factors of q?
2, 3
Suppose l - 2 = 0, -4*r - l - 3*l + 2924 = 0. What are the prime factors of r?
3
Let a be ((-2)/(-6))/((-6)/(-72)). Suppose -2*o + 164 = d, -4*o + 2*d + 285 + 35 = 0. Suppose a*z = 47 + o. What are the prime factors of z?
2
Let h = 1106 - 450. What are the prime factors of h?
2, 41
Let d(o) = 6*o - 8. Suppose -2*v + 4*r = r + 4, 5*v + 5*r = 15. Let k = v - -5. What are the prime factors of d(k)?
2, 7
Suppose 691 = 2*u - 1971. List the prime factors of u.
11
Suppose -2*c + 529 = 5*l, 1208 = 3*c + 4*l + 411. What are the prime factors of c?
3, 89
Let g = -49 - -27. Let x = -16 - g. What are the prime factors of 15*(-4)/x*-7?
2, 5, 7
Suppose i - 668 = -a, -3348 = 3*i - 8*i - a. List the prime factors of i.
2, 5, 67
Suppose 5*m - 315 - 1230 = 0. List the prime factors of m.
3, 103
Let z be -1 - 0 - (4 - 7). Suppose 2 = j - z. Suppose 3*q - j*h + 3*h = 97, -q + h + 29 = 0. List the prime factors of q.
2, 17
Suppose 0 = -2*y - 2*o + 30, -4*y = 2*o - 6*o - 20. Suppose -8*i + 4*i = -28. What are the prime factors of 100/i + y/(-35)?
2, 7
Suppose 12 - 3 = g + 2*j, 0 = 3*g - j + 1. Let a(v) = 201*v**2 + 1. List the prime factors of a(g).
2, 101
Let z(g) = 2*g - 30. Let k be z(14). List the prime factors of (5 - (1 - k)) + 45.
47
Let r = -79 + 76. List the prime factors of r/((-6)/(-314))*-1.
157
Suppose 0 = -0*a + a - 43. Suppose 2*p - a = -m, 0*m = 2*p + 2*m - 48. What are the prime factors of p?
19
Let l(m) = 2*m**3 + 7*m**2 + 7*m + 3. List the prime factors of l(5).
463
Let r(g) = g + 4. Suppose 4*a + 22 - 6 = 0. Let d = 7 - a. What are the prime factors of r(d)?
3, 5
Let m(g) = -g**2 + 6*g - 5. Let s be m(5). Suppose 23 = 2*y - 11. Suppose y = a - s. List the prime factors of a.
17
Let s = -847 - -1322. List the prime factors of s.
5, 19
Let k(c) = -4*c + 53. Let h be k(0). Suppose -2*d + 3*i = -82, -2*i + h = 2*d - 9. What are the prime factors of d?
5, 7
Let q(k) = -k**3 - 14*k**2 - 13*k. Let b be q(-13). Suppose b = 2*a - o - 47, 5*a - 3*a + o = 49. What are the prime factors of a?
2, 3
Suppose -3*o + 1509 = -x - 0*x, 3*x + 495 = o. List the prime factors of o.
2, 3, 7
Suppose 4875 = 66*x - 51*x. What are the prime factors of x?
5, 13
Let r be (2001/(-18))/23 + (-1)/6. Let t(b) = 8*b**2 + 7*b - 7. List the prime factors of t(r).
2, 79
Let t(u) = -u**2 - 7*u. Let d be t(-7). Suppose -4*v + 2 = 2*a + 28, a - 2*v + 5 = d. List the prime factors of (3 - a) + 1 - 0.
13
Let v(z) = 44*z**2 + 23*z + 43. What are the prime factors of v(-6)?
1489
Suppose -2*y + 541 = -533. What are the prime factors of y?
3, 179
Let m be 8/(-32) + 45/4. Let y be (-27)/(-6)*(-4)/(-6). What are the prime factors of (1 - m)*y/(-6)?
5
Suppose s - 10 = 115. Suppose 0 = -5*g + 5*q + s, 6*g - 5*g = -3*q + 29. List the prime factors of g.
2, 13
Let w be ((-4450)/15)/5*9. Let u = -327 - w. List the prime factors of u.
3, 23
Let p(x) = -x - 14. Let z be p(-14). Suppose 4*y + 1 - 29 = z. What are the prime factors of ((-3)/2)/(y/(-126))?
3
Let l(o) = 9*o**2 - 41*o + 32. What are the prime factors of l(8)?
2, 5, 7
Let r(h) = h**3 + 7*h**2 - 19*h - 7. Let i be r(-9). Suppose -2*t + 4*l + 134 = -210, i*t - 5*l - 345 = 0. What are the prime factors of t?
2, 5, 17
Let i(d) = 90*d - 76. What are the prime factors of i(6)?
2, 29
Suppose -a = a - 4. Suppose -327 = -4*k + 3*n - 6*n, 0 = a*k + n - 163. What are the prime factors of k?
3
Suppose 0*a + 4*h = 5*a - 28, a - 4*h - 12 = 0. Suppose -5*w = -3*o - 38, o = a - 5. List the prime factors of w.
7
Let c(z) = -z + 3. Let s be c(1). Suppose -h + 7 + s = 0. Suppose l - h - 23 = 0. List the prime factors of l.
2
Suppose -2*d + 2*l = 2*d - 276, -3*d + 5*l = -193. Let c(v) = 2*v**2 - v + 2. Let r be c(-3). Let w = d - r. What are the prime factors of w?
2, 3
Suppose -5*g = 3*x - 13, -x - 4*x + 7 = g. Let w be (1 - -5) + g + 1. Suppose -b + w + 21 = 0. List the prime factors of b.
2, 3, 5
Suppose 2*t + 4*n - 6511 = 1819, -5*t + 5*n + 20870 = 0. List the prime factors of t.
43, 97
List the prime factors of (-23)/((-621)/33138) + 1/(-3).
3, 409
Let u = -89 - -91. Suppose 136 + 268 = u*f. What are the prime factors of f?
2, 101
Let x = 11997 + -8048. List the prime factors of x.
11, 359
Let w(o) = -51*o + 33. What are the prime factors of w(-9)?